87
What are the prime factors of 1886903?
1886903
List the prime factors of 3746138.
2, 11, 170279
What are the prime factors of 1140545?
5, 7, 32587
What are the prime factors of 1602848?
2, 13, 3853
What are the prime factors of 158617?
158617
List the prime factors of 2854803.
3, 7, 67, 2029
List the prime factors of 1551875.
5, 13, 191
What are the prime factors of 2605328?
2, 11, 113, 131
List the prime factors of 258482.
2, 7, 37, 499
What are the prime factors of 4854321?
3, 31, 127, 137
List the prime factors of 35777.
7, 19, 269
List the prime factors of 204724.
2, 13, 31, 127
What are the prime factors of 1466375?
5, 11731
List the prime factors of 132689.
132689
What are the prime factors of 270488?
2, 33811
What are the prime factors of 212186?
2, 13, 8161
List the prime factors of 1958450.
2, 5, 13, 23, 131
What are the prime factors of 135531?
3, 11, 37
What are the prime factors of 1006820?
2, 5, 50341
List the prime factors of 1514624.
2, 11833
What are the prime factors of 342612?
2, 3, 31, 307
What are the prime factors of 1890356?
2, 13, 36353
List the prime factors of 38254.
2, 31, 617
List the prime factors of 16650908.
2, 4162727
What are the prime factors of 5340562?
2, 59, 45259
What are the prime factors of 2343616?
2, 11, 3329
List the prime factors of 960446.
2, 37, 12979
What are the prime factors of 1249199?
7, 23, 7759
What are the prime factors of 20265475?
5, 31, 79, 331
List the prime factors of 19660359.
3, 6553453
List the prime factors of 35589.
3, 11863
What are the prime factors of 146090?
2, 5, 7, 2087
What are the prime factors of 8694927?
3, 107, 9029
What are the prime factors of 336269?
163, 2063
List the prime factors of 289421.
11, 83, 317
List the prime factors of 24376770.
2, 3, 5, 11, 24623
List the prime factors of 4796655.
3, 5, 89, 3593
List the prime factors of 1972414.
2, 986207
What are the prime factors of 19821769?
11, 19, 94841
What are the prime factors of 230748?
2, 3, 7, 41, 67
List the prime factors of 9798556.
2, 2449639
What are the prime factors of 749895?
3, 5, 49993
List the prime factors of 139017.
3, 149, 311
List the prime factors of 226863.
3, 7, 13, 277
List the prime factors of 145290.
2, 3, 5, 29, 167
List the prime factors of 5147847.
3, 37, 5153
What are the prime factors of 308762?
2, 263, 587
What are the prime factors of 1234608?
2, 3, 17, 89
What are the prime factors of 1927896?
2, 3, 80329
What are the prime factors of 412033?
412033
What are the prime factors of 157181?
157181
What are the prime factors of 7698513?
3, 2566171
What are the prime factors of 565007?
29, 19483
List the prime factors of 3271253.
3271253
What are the prime factors of 152180?
2, 5, 7, 1087
List the prime factors of 4881065.
5, 7, 139459
What are the prime factors of 1835795?
5, 13, 61, 463
What are the prime factors of 791413?
7, 167, 677
List the prime factors of 9637373.
31, 310883
What are the prime factors of 239538?
2, 3, 13, 37, 83
List the prime factors of 1361896.
2, 37, 43, 107
List the prime factors of 9228429.
3, 7, 37, 107
List the prime factors of 372177.
3, 13, 3181
List the prime factors of 2837355.
3, 5, 43, 53, 83
List the prime factors of 1984137.
3, 173, 3823
What are the prime factors of 399837?
3, 133279
What are the prime factors of 232434?
2, 3, 37, 349
List the prime factors of 664883.
29, 101, 227
List the prime factors of 928522.
2, 7, 29, 2287
What are the prime factors of 18927936?
2, 3, 17, 1933
What are the prime factors of 4404228?
2, 3, 367019
List the prime factors of 391025.
5, 15641
List the prime factors of 2868119.
2868119
List the prime factors of 13324507.
7, 1903501
What are the prime factors of 1058223?
3, 352741
List the prime factors of 287693.
7, 73, 563
List the prime factors of 1727579.
7, 47, 59, 89
What are the prime factors of 12048810?
2, 3, 5, 401627
List the prime factors of 1807.
13, 139
What are the prime factors of 960357?
3, 320119
List the prime factors of 553389.
3, 184463
List the prime factors of 91401.
3, 30467
What are the prime factors of 847832?
2, 131, 809
List the prime factors of 432392.
2, 54049
What are the prime factors of 324203?
11, 29473
What are the prime factors of 4436321?
4436321
What are the prime factors of 7083787?
787, 9001
What are the prime factors of 748432?
2, 29, 1613
What are the prime factors of 211436?
2, 52859
List the prime factors of 2616504.
2, 3, 11, 17, 53
What are the prime factors of 2154820?
2, 5, 107741
What are the prime factors of 238689?
3, 11, 2411
What are the prime factors of 7978334?
2, 7, 13, 59, 743
List the prime factors of 545027.
7, 227
What are the prime factors of 1677477?
3, 47, 11897
List the prime factors of 993911.
223, 4457
List the prime factors of 720937.
7, 14713
List the prime factors of 26141694.
2, 3, 97, 44917
List the prime factors of 461392.
2, 28837
What are the prime factors of 1277130?
2, 3, 5, 42571
List the prime factors of 1697432.
2, 11, 19289
List the prime factors of 2661147.
3, 98561
What are the prime factors of 1283074?
2, 13, 61, 809
What are the prime factors of 296887?
31, 61, 157
List the prime factors of 501386.
2, 250693
List the prime factors of 1189414.
2, 97, 6131
What are the prime factors of 6120388?
2, 1530097
List the prime factors of 239734.
2, 11, 17, 641
List the prime factors of 2103972.
2, 3, 13, 13487
What are the prime factors of 11924884?
2, 2981221
List the prime factors of 5661093.
3, 331, 5701
List the prime factors of 309786.
2, 3, 51631
List the prime factors of 587987.
587987
What are the prime factors of 3663308?
2, 11, 83257
What are the prime factors of 1038257?
11, 37, 2551
What are the prime factors of 10773743?
149, 72307
List the prime factors of 558312.
2, 3, 43, 541
List the prime factors of 11958832.
2, 747427
What are the prime factors of 158109?
3, 7, 7529
List the prime factors of 153115.
5, 113, 271
List the prime factors of 26807763.
3, 8935921
List the prime factors of 1198079.
107, 11197
What are the prime factors of 72753?
3, 24251
List the prime factors of 1799465.
5, 487, 739
List the prime factors of 1957969.
13, 19, 7927
List the prime factors of 896957.
41, 131, 167
What are the prime factors of 235341?
3, 79, 331
List the prime factors of 7948144.
2, 457, 1087
What are the prime factors of 475107?
3, 29, 43, 127
What are the prime factors of 9497396?
2, 1249, 1901
List the prime factors of 23410.
2, 5, 2341
What are the prime factors of 3468287?
157, 22091
What are the prime factors of 131315?
5, 26263
List the prime factors of 9383913.
3, 7, 11, 1231
What are the prime factors of 1308430?
2, 5, 130843
List the prime factors of 56930.
2, 5, 5693
What are the prime factors of 450749?
13, 34673
What are the prime factors of 13870964?
2, 613, 5657
List the prime factors of 11091822.
2, 3, 7, 264091
List the prime factors of 4182329.
4182329
What are the prime factors of 7349838?
2, 3, 1224973
What are the prime factors of 1171576?
2, 7, 20921
List the prime factors of 240977.
11, 19, 1153
What are the prime factors of 542825?
5, 21713
What are the prime factors of 14066306?
2, 53, 132701
What are the prime factors of 2404595?
5, 480919
What are the prime factors of 1211216?
2, 17, 61, 73
What are the prime factors of 11633214?
2, 3, 853, 2273
What are the prime factors of 14693429?
14693429
What are the prime factors of 11515993?
1601, 7193
What are the prime factors of 566448?
2, 3, 11801
What are the prime factors of 4124304?
2, 3, 9547
What are the prime factors of 1938144?
2, 3, 13, 1553
What are the prime factors of 817469?
419, 1951
What are the prime factors of 12094366?
2, 23, 467, 563
List the prime factors of 96188.
2, 139, 173
What are the prime factors of 11654239?
19, 613381
What are the prime factors of 6603311?
11, 13, 61, 757
What are the prime factors of 347173?
347173
What are the prime factors of 9190819?
11, 139, 6011
List the prime factors of 14903134.
2, 109, 137, 499
List the prime factors of 1271810.
2, 5, 89, 1429
List the prime factors of 743175.
3, 5, 367
List the prime factors of 6682764.
2, 3, 11, 50627
What are the prime factors of 12542710?
2, 5, 547, 2293
List the prime factors of 9613996.
2, 7, 181, 271
List the prime factors of 24983073.
3, 102811
List the prime fa